{"id":1085,"date":"2019-05-30T18:52:34","date_gmt":"2019-05-30T17:52:34","guid":{"rendered":"http:\/\/imkerverein-etteln.de\/?page_id=1085"},"modified":"2019-05-30T19:14:22","modified_gmt":"2019-05-30T18:14:22","slug":"imkerausflug-2019","status":"publish","type":"page","link":"http:\/\/imkerverein-etteln.de\/?page_id=1085","title":{"rendered":"Imkerausflug 2019"},"content":{"rendered":"\n<p>In diesem Jahr haben wir im Mai einen Ausflug ins Wisentgehege nach Hardehausen durchgef\u00fchrt.<\/p>\n\n\n\n<p>Nach einem ausgiebigen Fr\u00fchst\u00fcck der 17 Teilnehmer  wurden wir unter sachkundiger F\u00fchrung durch das Gel\u00e4nde des Geheges gef\u00fchrt.<\/p>\n\n\n\n<p>Bei diesem Rundgang erfuhren wir vieles aus der heimischen Natur und Tierwelt, leider auch die Folgen des heimischen Waldsterbens. <\/p>\n\n\n\n<p>Wie wir Imker leidlich wissen, sind die Folgen des Eingreifens durch den Menschen in die Natur gravierend. Diese Auswirkungen wurden bei der F\u00fchrung uns Imker deutlich aufgezeigt.<\/p>\n\n\n\n<figure class=\"wp-block-image\"><img decoding=\"async\" loading=\"lazy\" width=\"1024\" height=\"576\" src=\"http:\/\/imkerverein-etteln.de\/wp-content\/uploads\/2019\/05\/WP_20190526_13_00_25_Pro_LI-1024x576.jpg\" alt=\"\" class=\"wp-image-1080\" srcset=\"http:\/\/imkerverein-etteln.de\/wp-content\/uploads\/2019\/05\/WP_20190526_13_00_25_Pro_LI-1024x576.jpg 1024w, http:\/\/imkerverein-etteln.de\/wp-content\/uploads\/2019\/05\/WP_20190526_13_00_25_Pro_LI-300x169.jpg 300w, http:\/\/imkerverein-etteln.de\/wp-content\/uploads\/2019\/05\/WP_20190526_13_00_25_Pro_LI-768x432.jpg 768w\" sizes=\"(max-width: 1024px) 100vw, 1024px\" \/><figcaption>Einige Teilnehmer bei einer wohlverdienten Pause<\/figcaption><\/figure>\n\n\n\n<p><\/p>\n\n\n\n<p><\/p>\n\n\n\n<p> <\/p>\n\n\n\n<p><\/p>\n","protected":false},"excerpt":{"rendered":"<p>In diesem Jahr haben wir im Mai einen Ausflug ins Wisentgehege nach Hardehausen durchgef\u00fchrt. Nach einem ausgiebigen Fr\u00fchst\u00fcck der 17 Teilnehmer wurden wir unter sachkundiger F\u00fchrung durch das Gel\u00e4nde des Geheges gef\u00fchrt. Bei diesem Rundgang erfuhren wir vieles aus der heimischen Natur und Tierwelt, leider auch die Folgen des heimischen Waldsterbens. Wie wir Imker leidlich &hellip; <a href=\"http:\/\/imkerverein-etteln.de\/?page_id=1085\" class=\"more-link\"><span class=\"screen-reader-text\">Imkerausflug 2019<\/span> weiterlesen <span class=\"meta-nav\">&rarr;<\/span><\/a><\/p>\n","protected":false},"author":1,"featured_media":0,"parent":0,"menu_order":0,"comment_status":"closed","ping_status":"closed","template":"","meta":[],"_links":{"self":[{"href":"http:\/\/imkerverein-etteln.de\/index.php?rest_route=\/wp\/v2\/pages\/1085"}],"collection":[{"href":"http:\/\/imkerverein-etteln.de\/index.php?rest_route=\/wp\/v2\/pages"}],"about":[{"href":"http:\/\/imkerverein-etteln.de\/index.php?rest_route=\/wp\/v2\/types\/page"}],"author":[{"embeddable":true,"href":"http:\/\/imkerverein-etteln.de\/index.php?rest_route=\/wp\/v2\/users\/1"}],"replies":[{"embeddable":true,"href":"http:\/\/imkerverein-etteln.de\/index.php?rest_route=%2Fwp%2Fv2%2Fcomments&post=1085"}],"version-history":[{"count":3,"href":"http:\/\/imkerverein-etteln.de\/index.php?rest_route=\/wp\/v2\/pages\/1085\/revisions"}],"predecessor-version":[{"id":1127,"href":"http:\/\/imkerverein-etteln.de\/index.php?rest_route=\/wp\/v2\/pages\/1085\/revisions\/1127"}],"wp:attachment":[{"href":"http:\/\/imkerverein-etteln.de\/index.php?rest_route=%2Fwp%2Fv2%2Fmedia&parent=1085"}],"curies":[{"name":"wp","href":"https:\/\/api.w.org\/{rel}","templated":true}]}}

<p>In diesem Jahr haben wir im Mai einen Ausflug ins Wisentgehege nach Hardehausen durchgeführt.</p>



<p>Nach einem ausgiebigen Frühstück der 17 Teilnehmer  wurden wir unter sachkundiger Führung durch das Gelände des Geheges geführt.</p>



<p>Bei diesem Rundgang erfuhren wir vieles aus der heimischen Natur und Tierwelt, leider auch die Folgen des heimischen Waldsterbens. </p>



<p>Wie wir Imker leidlich wissen, sind die Folgen des Eingreifens durch den Menschen in die Natur gravierend. Diese Auswirkungen wurden bei der Führung uns Imker deutlich aufgezeigt.</p>



<figure class="wp-block-image"><img decoding="async" loading="lazy" width="1024" height="576" src="http://imkerverein-etteln.de/wp-content/uploads/2019/05/WP_20190526_13_00_25_Pro_LI-1024x576.jpg" alt="" class="wp-image-1080" srcset="http://imkerverein-etteln.de/wp-content/uploads/2019/05/WP_20190526_13_00_25_Pro_LI-1024x576.jpg 1024w, http://imkerverein-etteln.de/wp-content/uploads/2019/05/WP_20190526_13_00_25_Pro_LI-300x169.jpg 300w, http://imkerverein-etteln.de/wp-content/uploads/2019/05/WP_20190526_13_00_25_Pro_LI-768x432.jpg 768w" sizes="(max-width: 1024px) 100vw, 1024px" /><figcaption>Einige Teilnehmer bei einer wohlverdienten Pause</figcaption></figure>



<p></p>



<p></p>



<p> </p>



<p></p>

<p>In diesem Jahr haben wir im Mai einen Ausflug ins Wisentgehege nach Hardehausen durchgeführt. Nach einem ausgiebigen Frühstück der 17 Teilnehmer wurden wir unter sachkundiger Führung durch das Gelände des Geheges geführt. Bei diesem Rundgang erfuhren wir vieles aus der heimischen Natur und Tierwelt, leider auch die Folgen des heimischen Waldsterbens. Wie wir Imker leidlich &hellip; <a href="http://imkerverein-etteln.de/?page_id=1085" class="more-link"><span class="screen-reader-text">Imkerausflug 2019</span> weiterlesen <span class="meta-nav">&rarr;</span></a></p>
