{"id":120,"date":"2014-01-25T22:20:01","date_gmt":"2014-01-25T20:20:01","guid":{"rendered":"http:\/\/imkerverein-etteln.de\/?page_id=120"},"modified":"2014-01-25T22:20:09","modified_gmt":"2014-01-25T20:20:09","slug":"satzung","status":"publish","type":"page","link":"http:\/\/imkerverein-etteln.de\/?page_id=120","title":{"rendered":"Satzung"},"content":{"rendered":"<p><b>\u00a0<\/b><\/p>\n<p><b>\u00a0<\/b><\/p>\n<p align=\"center\"><b>Satzung des<\/b><\/p>\n<p align=\"center\"><b>Imkervereins Etteln<\/b><\/p>\n<table border=\"0\" cellspacing=\"0\" cellpadding=\"0\">\n<tbody>\n<tr>\n<td valign=\"top\" width=\"212\"><b>\u00a0<\/b><\/td>\n<td valign=\"top\" width=\"212\"><\/td>\n<td valign=\"top\" width=\"212\"><b>\u00a0<\/b><\/td>\n<\/tr>\n<\/tbody>\n<\/table>\n<p>&nbsp;<\/p>\n<p style=\"text-align: center;\">Verabschiedet am<\/p>\n<p style=\"text-align: center;\">06. November 2005<\/p>\n<p>Inhaltsverzeichnis<\/p>\n<table border=\"0\" cellspacing=\"0\" cellpadding=\"0\">\n<tbody>\n<tr>\n<td valign=\"top\" width=\"53\">\u00a7 1<\/td>\n<td valign=\"top\" width=\"480\">Name, Sitz und Gesch\u00e4ftsjahr<\/td>\n<td valign=\"top\" width=\"104\">Seite 3<\/td>\n<\/tr>\n<tr>\n<td valign=\"top\" width=\"53\"><b>\u00a0<\/b><\/td>\n<td valign=\"top\" width=\"480\"><b>\u00a0<\/b><\/td>\n<td valign=\"top\" width=\"104\"><b>\u00a0<\/b><\/td>\n<\/tr>\n<tr>\n<td valign=\"top\" width=\"53\">\u00a7 2<\/td>\n<td valign=\"top\" width=\"480\">Aufgaben des Imkervereins<\/td>\n<td valign=\"top\" width=\"104\">Seite 3<\/td>\n<\/tr>\n<tr>\n<td valign=\"top\" width=\"53\"><\/td>\n<td valign=\"top\" width=\"480\"><\/td>\n<td valign=\"top\" width=\"104\"><\/td>\n<\/tr>\n<tr>\n<td valign=\"top\" width=\"53\">\u00a7 3<\/td>\n<td valign=\"top\" width=\"480\">Mitglieder<\/td>\n<td valign=\"top\" width=\"104\">Seite 4<\/td>\n<\/tr>\n<tr>\n<td valign=\"top\" width=\"53\"><\/td>\n<td valign=\"top\" width=\"480\"><\/td>\n<td valign=\"top\" width=\"104\"><\/td>\n<\/tr>\n<tr>\n<td valign=\"top\" width=\"53\">\u00a7 4<\/td>\n<td valign=\"top\" width=\"480\">Erwerb der Mitgliedschaft<\/td>\n<td valign=\"top\" width=\"104\">Seite 4<\/td>\n<\/tr>\n<tr>\n<td valign=\"top\" width=\"53\"><\/td>\n<td valign=\"top\" width=\"480\"><\/td>\n<td valign=\"top\" width=\"104\"><\/td>\n<\/tr>\n<tr>\n<td valign=\"top\" width=\"53\">\u00a7 5<\/td>\n<td valign=\"top\" width=\"480\">Rechte und Pflichten der Mitglieder<\/td>\n<td valign=\"top\" width=\"104\">Seite 4<\/td>\n<\/tr>\n<tr>\n<td valign=\"top\" width=\"53\"><\/td>\n<td valign=\"top\" width=\"480\"><\/td>\n<td valign=\"top\" width=\"104\"><\/td>\n<\/tr>\n<tr>\n<td valign=\"top\" width=\"53\">\u00a7 6<\/td>\n<td valign=\"top\" width=\"480\">Erl\u00f6schen der Mitgliedschaft<\/td>\n<td valign=\"top\" width=\"104\">Seite 5<\/td>\n<\/tr>\n<tr>\n<td valign=\"top\" width=\"53\"><\/td>\n<td valign=\"top\" width=\"480\"><\/td>\n<td valign=\"top\" width=\"104\"><\/td>\n<\/tr>\n<tr>\n<td valign=\"top\" width=\"53\">\u00a7 7<\/td>\n<td valign=\"top\" width=\"480\">Organe des Imkervereins<\/td>\n<td valign=\"top\" width=\"104\">Seite 6<\/td>\n<\/tr>\n<tr>\n<td valign=\"top\" width=\"53\"><\/td>\n<td valign=\"top\" width=\"480\"><\/td>\n<td valign=\"top\" width=\"104\"><\/td>\n<\/tr>\n<tr>\n<td valign=\"top\" width=\"53\">\u00a7 8<\/td>\n<td valign=\"top\" width=\"480\">Mitgliederversammlung<\/td>\n<td valign=\"top\" width=\"104\">Seite 6<\/td>\n<\/tr>\n<tr>\n<td valign=\"top\" width=\"53\"><\/td>\n<td valign=\"top\" width=\"480\"><\/td>\n<td valign=\"top\" width=\"104\"><\/td>\n<\/tr>\n<tr>\n<td valign=\"top\" width=\"53\">\u00a7 9<\/td>\n<td valign=\"top\" width=\"480\">Der Vorstand<\/td>\n<td valign=\"top\" width=\"104\">Seite 7<\/td>\n<\/tr>\n<tr>\n<td valign=\"top\" width=\"53\"><\/td>\n<td valign=\"top\" width=\"480\"><\/td>\n<td valign=\"top\" width=\"104\"><\/td>\n<\/tr>\n<tr>\n<td valign=\"top\" width=\"53\">\u00a710<\/td>\n<td valign=\"top\" width=\"480\">Finanzierung des Imkervereins<\/td>\n<td valign=\"top\" width=\"104\">Seite 8<\/td>\n<\/tr>\n<tr>\n<td valign=\"top\" width=\"53\"><\/td>\n<td valign=\"top\" width=\"480\"><\/td>\n<td valign=\"top\" width=\"104\"><\/td>\n<\/tr>\n<tr>\n<td valign=\"top\" width=\"53\">\u00a7 11<\/td>\n<td valign=\"top\" width=\"480\">Kassen- und Verm\u00f6gensverwaltung<\/td>\n<td valign=\"top\" width=\"104\">Seite 8<\/td>\n<\/tr>\n<tr>\n<td valign=\"top\" width=\"53\"><\/td>\n<td valign=\"top\" width=\"480\"><\/td>\n<td valign=\"top\" width=\"104\"><\/td>\n<\/tr>\n<tr>\n<td valign=\"top\" width=\"53\">\u00a7 12<\/td>\n<td valign=\"top\" width=\"480\">Gerichtsstand<\/td>\n<td valign=\"top\" width=\"104\">Seite 9<\/td>\n<\/tr>\n<tr>\n<td valign=\"top\" width=\"53\"><\/td>\n<td valign=\"top\" width=\"480\"><\/td>\n<td valign=\"top\" width=\"104\"><\/td>\n<\/tr>\n<tr>\n<td valign=\"top\" width=\"53\">\u00a7 13<\/td>\n<td valign=\"top\" width=\"480\">Aufl\u00f6sung des Imkervereins<\/td>\n<td valign=\"top\" width=\"104\">Seite 9<\/td>\n<\/tr>\n<\/tbody>\n<\/table>\n<p><b>\u00a7 1 Name, Sitz und Gesch\u00e4ftsjahr<\/b><\/p>\n<ol start=\"1\">\n<li>Der Verein f\u00fchrt den Namen: Imkerverein Etteln e. V.,<\/li>\n<\/ol>\n<p>&nbsp;<\/p>\n<ol start=\"2\">\n<li>Er hat seinen Sitz in 33178 Borchen-Etteln und wird in das Vereinsregister des Amtsgerichtes Paderborn eingetragen.<\/li>\n<\/ol>\n<p>&nbsp;<\/p>\n<ol start=\"3\">\n<li>Das Gesch\u00e4ftsjahr ist das Kalenderjahr.<\/li>\n<\/ol>\n<p><b>\u00a7 2 Aufgaben des Imkervereins<\/b><\/p>\n<ol start=\"1\">\n<li>Der Imkerverein Etteln e. V., im folgenden \u201eImkerverein&#8220; genannt, hat zur Aufgabe, alle in seinem Vereinsgebiet ans\u00e4ssigen Imkerinnen und Imker als Mitglieder zu erfassen. Er ist dem Landesverband Westf\u00e4lischer und Lippischer Imker e.V. als ordentliches Mitglied angeschlossen und geh\u00f6rt zum Kreisimkerverein Paderborn e.V.<\/li>\n<\/ol>\n<ol start=\"2\">\n<li>Der Imkerverein verfolgt ausschlie\u00dflich und unmittelbar gemeinn\u00fctzige Zwecke im Sinne des Abschnitts \u201esteuerbeg\u00fcnstigte Zwecke&#8220; der Abgabenordnung.<\/li>\n<\/ol>\n<ol start=\"3\">\n<li>Zweck des Imkervereins ist es, die Interessen der Bienenhaltung zu vertreten, um zum Schutze und zur Erhaltung einer gesunden Umwelt und Landschaft eine sachgem\u00e4\u00dfe Imkerei und Bienenzucht zu erhalten und zu f\u00f6rdern.<\/li>\n<\/ol>\n<ol start=\"4\">\n<li>Dieser Satzungszweck wird insbesondere durch folgende Ziele verwirklicht:<\/li>\n<\/ol>\n<p>a)\u00a0\u00a0\u00a0 Pflege der Liebe zur Biene und F\u00f6rderung der fachlichen Fortbildung der Mitglieder, insbesondere der Ausbildung und Beratung von Neuimkern.<\/p>\n<p>b)\u00a0\u00a0\u00a0 Vermehrung und Anpflanzung heimischer Pflanzen und Geh\u00f6lze, die unter anderem ein \u00dcberleben der Bienen und Wildinsekten erm\u00f6glichen.<\/p>\n<p>c)\u00a0\u00a0\u00a0 F\u00f6rderung wissenschaftlicher und praktischer Untersuchungen in der gesamten Bienenzucht und Mitwirkung bei der Bek\u00e4mpfung von Bienenkrankheiten.<\/p>\n<p>d)\u00a0\u00a0\u00a0 Beteiligung an den Ma\u00dfnahmen des Kreisimkervereins, des Landesverbandes Westf\u00e4lischer und Lippischer Imker und des Deutschen Imkerbundes.<\/p>\n<p>e)\u00a0\u00a0\u00a0 Mitwirkung bei der Durchf\u00fchrung beh\u00f6rdlich angeregter und angeordneter Ma\u00dfnahmen, sofern sie die Imkerei betreffen.<\/p>\n<p>f)\u00a0\u00a0\u00a0\u00a0 Vertretung der Belange der Bienenhaltung in der \u00d6ffentlichkeit, sowie gegen\u00fcber den \u00f6rtlichen Beh\u00f6rden und weiteren Institutionen.<\/p>\n<p>5.\u00a0\u00a0 Der Imkerverein ist selbstlos t\u00e4tig; er verfolgt nicht in erster Linie eigenwirtschaftliche Zwecke.<\/p>\n<ol start=\"6\">\n<li>Mittel des Imkervereins d\u00fcrfen nur f\u00fcr die satzungsgem\u00e4\u00dfen Zwecke verwendet werden. Die Mitglieder erhalten keine Zuwendungen aus Mitteln des Imkervereins.<\/li>\n<\/ol>\n<ol start=\"7\">\n<li>Es darf keine Person durch Ausgaben, die dem Zweck des Vereins fremd sind, oder durch unverh\u00e4ltnism\u00e4\u00dfig hohe Verg\u00fctungen beg\u00fcnstigt werden.<\/li>\n<\/ol>\n<p><b>\u00a7 3 Mitglieder<\/b><\/p>\n<ol start=\"1\">\n<li>Ordentliche Mitglieder des Imkervereins k\u00f6nnen alle Imkerinnen und Imker, an der Imkerei interessierte Personen und Naturfreunde werden. F\u00f6rdernde Mitglieder k\u00f6nnen nat\u00fcrliche und juristische Personen werden, welche die Bienenhaltung f\u00f6rdern k\u00f6nnen und wollen. Ein Stimmrecht steht diesen Mitgliedern nicht zu.<\/li>\n<\/ol>\n<ol start=\"2\">\n<li>Zu Ehrenmitgliedern k\u00f6nnen auf Vorschlag des Vorstandes Personen, die sich um die Imkerei und den Imkerverein besonders verdient gemacht haben, durch die Mitgliederversammlung ernannt werden.<\/li>\n<\/ol>\n<p><b>\u00a7 4 Erwerb der Mitgliedschaft<\/b><\/p>\n<ol start=\"1\">\n<li>Die ordentliche Mitgliedschaft wird erworben durch schriftliche Beitrittserkl\u00e4rung, in welcher die Satzung anerkannt wird, und durch Beschluss des Vorstandes. Lehnt dieser die Aufnahme ab, so ist hiergegen Einspruch zul\u00e4ssig. Er ist binnen einer Frist von einem Monat nach Zustellung des die Aufnahme ablehnenden Gesuches beim Vorsitzenden schriftlich einzulegen und zugleich zu begr\u00fcnden. \u00dcber den Einspruch entscheidet die Mitgliederversammlung endg\u00fcltig.<\/li>\n<\/ol>\n<ol start=\"2\">\n<li>Der Bertritt verpflichtet zur Befolgung der Satzung, Ordnungsbestimmungen und Beschl\u00fcsse.<\/li>\n<\/ol>\n<p><b>\u00a7 5 Rechte und Pflichten der Mitglieder<\/b><\/p>\n<ol start=\"1\">\n<li>Die ordentlichen Mitglieder haben das Recht auf Unterst\u00fctzung und F\u00f6rderung durch den Imkerverein im Rahmen dieser Satzung. Ihnen stehen die Einrichtungen und Veranstaltungen des Imkervereins zur satzungsgem\u00e4\u00dfen Benutzung offen.<\/li>\n<\/ol>\n<ol start=\"2\">\n<li>Die Mitglieder sind verpflichtet:<\/li>\n<\/ol>\n<ol start=\"1\">\n<ol start=\"1\">\n<li>Die Bestimmungen dieser Satzung und rechtm\u00e4\u00dfig gefassten Beschl\u00fcsse des Imkervereins sowie \u00fcbergeordnete Vorschriften und Anordnungen der zust\u00e4ndigen Beh\u00f6rden zu beachten.<\/li>\n<\/ol>\n<\/ol>\n<ol start=\"1\">\n<ol start=\"2\">\n<li>Die festgesetzten Beitr\u00e4ge fristgem\u00e4\u00df zu zahlen. Ist ein Mitglied mit seinen Verbindlichkeiten drei Monate im R\u00fcckstand, so ruhen seine Rechte.<\/li>\n<\/ol>\n<\/ol>\n<ol start=\"1\">\n<ol start=\"3\">\n<li>Ihren Bienenzuchtbetrieb ordnungsgem\u00e4\u00df zu versehen und die Bestrebungen des Vereins tatkr\u00e4ftig zu unterst\u00fctzen.<\/li>\n<\/ol>\n<\/ol>\n<p><b>\u00a7 6 Erl\u00f6schen der Mitgliedschaft<\/b><\/p>\n<ol start=\"1\">\n<li>Die Mitgliedschaft erlischt:<\/li>\n<\/ol>\n<p>a)\u00a0\u00a0\u00a0 Durch Austritt. Dieser ist nur zum Ende des Gesch\u00e4ftsjahres (\u00a7 1) unter Einhaltung einer viertelj\u00e4hrlichen K\u00fcndigungsfrist zul\u00e4ssig. Er ist dem Vorsitzenden schriftlich mitzuteilen.<\/p>\n<p>b)\u00a0\u00a0\u00a0 Durch den Tod eines Mitgliedes oder, wenn das Mitglied eine juristische Person ist, durch dessen Aufl\u00f6sung.<\/p>\n<ol start=\"2\">\n<li>Der Vorstand kann durch Beschluss mit Zweidrittelmehrheit Mitglieder aus dem Imkerverein ausschlie\u00dfen, wenn diese<\/li>\n<\/ol>\n<ol start=\"1\">\n<ol start=\"1\">\n<li>trotz einmaliger Anmahnung unter Hinweis auf die Ausschlussfolge die ihnen dem Imkerverein gegen\u00fcber obliegenden Verpflichtungen nicht erf\u00fcllen oder Beschl\u00fcsse und Weisungen der Vereinsorgane nicht beachten.<\/li>\n<\/ol>\n<\/ol>\n<ol start=\"1\">\n<ol start=\"2\">\n<li>sich schwere Verst\u00f6\u00dfe gegen die Vereinssatzung zuschulden kommen lassen.<\/li>\n<\/ol>\n<\/ol>\n<ol start=\"1\">\n<ol start=\"3\">\n<li>schuldhaft die Interessen des Vereins sch\u00e4digen oder das Ansehen des Imkervereines mindern.<\/li>\n<\/ol>\n<\/ol>\n<ol start=\"1\">\n<ol start=\"4\">\n<li>ohne vorherige Aussch\u00f6pfung der durch die Satzung gegebenen M\u00f6glichkeiten ein ordentliches Gericht anrufen.<\/li>\n<\/ol>\n<\/ol>\n<ol start=\"3\">\n<li>Der Ausschluss ist dem betreffenden Mitglied durch eingeschriebenen Brief mitzuteilen. Der Beschluss ist zu begr\u00fcnden. Das ausgeschlossene Mitglied kann binnen eines Monats nach Zustellung beim Vorsitzenden durch eingeschriebenen Brief Einspruch einlegen, der zu begr\u00fcnden ist. \u00dcber den Einspruch entscheidet die Hauptversammlung endg\u00fcltig.<\/li>\n<\/ol>\n<ol start=\"4\">\n<li>Ausgeschlossene oder ausgeschiedene Mitglieder haben kein Recht auf das Vereinsverm\u00f6gen. Sie haben ihren f\u00e4lligen Verpflichtungen nachzukommen, insbesondere den f\u00e4lligen Beitrag f\u00fcr das laufende Gesch\u00e4ftsjahr zu entrichten.<\/li>\n<\/ol>\n<p>&nbsp;<\/p>\n<p><b>\u00a7 7 Organe des Imkervereins<\/b><\/p>\n<p>Organe des Imkervereins sind:<\/p>\n<ol>\n<li>Die Mitgliederversammlung<\/li>\n<\/ol>\n<ol>\n<li>Der Vorstand<\/li>\n<\/ol>\n<p><b>\u00a7 8 Mitgliederversammlung<\/b><\/p>\n<ol start=\"1\">\n<li>Die Mitgliederversammlung ist das oberste Organ des Imkervereins. In der Mitgliederversammlung des Vereins haben s\u00e4mtliche ordentliche Mitglieder und Ehrenmitglieder Sitz und Stimme. Sie ist mehrmals j\u00e4hrlich einzuberufen. Eine dieser Versammlungen ist die ordentliche Hauptversammlung, sie soll im ersten Quartal des Jahres abgehalten werden. Die Einberufung zur Hauptversammlung hat schriftlich, unter Bekanntgabe der Tagesordnung und unter Einhaltung einer achtt\u00e4gigen Frist zu erfolgen. Die Art der Bekanntgabe der \u00fcbrigen Mitgliederversammlungen wird durch den Vorstand festgelegt.<\/li>\n<\/ol>\n<ol start=\"2\">\n<li>Eine au\u00dferordentliche Hauptversammlung muss einberufen werden, wenn ein Drittel der Mitglieder oder die H\u00e4lfte der Vorstandsmitglieder es verlangen.<\/li>\n<\/ol>\n<ol start=\"3\">\n<li>Die Hauptversammlung ist ohne R\u00fccksicht auf die Zahl der erschienenen Mitglieder beschlussf\u00e4hig. Eine Mitgliederversammlung ist nur dann beschlussf\u00e4hig, wenn eine gesonderte Einladung nebst Tagesordnung ergeht. Einfache Stimmenmehrheit entscheidet. Bei Stimmengleichheit ist ein Antrag abgelehnt. Satzungs\u00e4nderungen bed\u00fcrfen einer Mehrheit von zwei Drittel der erschienenen Mitglieder. Die Aufl\u00f6sung des Imkervereins bedarf einer Mehrheit von drei Viertel der erschienenen Mitglieder.<\/li>\n<\/ol>\n<ol start=\"4\">\n<li>Antr\u00e4ge f\u00fcr die Hauptversammlung k\u00f6nnen nur von stimmberechtigten Mitgliedern gestellt werden. Antr\u00e4ge auf Satzungs\u00e4nderung und Vereinsaufl\u00f6sung m\u00fcssen grunds\u00e4tzlich sp\u00e4testens zwei Wochen vor Beginn der Mitgliederversammlung beim Vorsitzenden schriftlich eingereicht werden. Sie sind den unter \u00a7 3 aufgef\u00fchrten Mitgliedern sp\u00e4testens eine Woche vor Beginn der Hauptversammlung zur Kenntnis zu bringen.<\/li>\n<\/ol>\n<ol start=\"5\">\n<li>Ausschlie\u00dflich der Hauptversammlung obliegt<\/li>\n<\/ol>\n<ol>\n<li>die Wahl des Vorstandes.<\/li>\n<\/ol>\n<ol>\n<li>die Wahl von zwei Rechnungspr\u00fcfern\/innen.<\/li>\n<\/ol>\n<ol>\n<li>die Wahl der Vertreter\/innen zur Vertreterversammlung des Kreisimkervereins<\/li>\n<\/ol>\n<ol>\n<li>die Entgegennahme des Jahresberichtes des Vorstandes und des Kassenberichtes.<\/li>\n<\/ol>\n<ol>\n<li>die Entlastung des Vorstandes.<\/li>\n<\/ol>\n<ol>\n<li>die Genehmigung des vom Vorstand aufgestellten Haushaltsvoranschlages.<\/li>\n<\/ol>\n<ol>\n<li>die Entgegennahme der Jahresberichte der Obm\u00e4nner\/-frauen.<\/li>\n<\/ol>\n<ol>\n<li>die Aufl\u00f6sung des Vereins.<\/li>\n<\/ol>\n<ol start=\"6\">\n<li>Die Beschl\u00fcsse aller Mitgliederversammlungen sind von der\/dem Schriftf\u00fchrer\/in schriftlich niederzulegen und von der\/dem Vorsitzenden und der\/den Schriftf\u00fchrer\/in zu unterzeichnen.<\/li>\n<\/ol>\n<ol start=\"7\">\n<li>Die Rechnungspr\u00fcfer\/innen werden auf zwei Jahre durch die Mitgliederversammlung gew\u00e4hlt. Im Abstand von jeweils einem Jahr scheidet ein\/e Rechnungspr\u00fcfer\/in aus und wird neu gew\u00e4hlt. Wiederwahl ist zul\u00e4ssig.<\/li>\n<\/ol>\n<p>&nbsp;<\/p>\n<p><b>\u00a7 9 Der Vorstand<\/b><\/p>\n<ol start=\"1\">\n<li>Der Vorstand des Imkervereins im Sinne des \u00a7 26 BGB wird gebildet durch die\/den Vorsitzende\/n, die\/den stellvertretende\/n Vorsitzende\/n, die\/den Schriftf\u00fchrer\/in und die\/den Kassierer\/in.<\/li>\n<\/ol>\n<ol start=\"2\">\n<li>Des weiteren geh\u00f6ren dem Vorstand zus\u00e4tzlich der 2. Schriftf\u00fchrer und der 2. Kassierer an, die nicht gem\u00e4\u00df \u00a7 26 BGB zum Vorstand geh\u00f6ren, sondern zum erweiterten Vorstand. Der Vorstand kann durch einstimmigen Beschlu\u00dfss zu seinen Sitzungen Obm\u00e4nner\/- frauen mit vollem Stimmrecht hinzuziehen.<\/li>\n<\/ol>\n<ol start=\"3\">\n<li>Der Vorstand oder die Mitgliederversammlung schlagen Obm\u00e4nner\/-frauen f\u00fcr Sonderaufgaben vor, die f\u00fcr eine Amtszeit von 3 Jahren von der Mitgliederversammlung gew\u00e4hlt werden.<\/li>\n<\/ol>\n<ol start=\"4\">\n<li>Die Mitgliederversammlung w\u00e4hlt den Vorstand auf die Dauer von drei Jahren, und zwar im ersten Jahr den 1. Vorsitzenden und 2. Kassierer, im zweiten Jahr den 2. Vorsitzenden und 1. Schriftf\u00fchrer und im dritten Jahr den 1. Kassierer und 2. Schriftf\u00fchrer. Wiederwahl ist zul\u00e4ssig. Die Wahl erfolgt mit einfacher Stimmenmehrheit. Ihre Form bestimmt die Mitgliederversammlung.<\/li>\n<\/ol>\n<ol start=\"5\">\n<li>Scheidet die\/der Vorsitzende w\u00e4hrend der Amtszeit aus, so wird sie\/er durch die\/den stellvertretende\/n Vorsitzende\/n bis zur n\u00e4chsten Jahreshauptversammlung vertreten. Scheidet ein anderes Vorstandsmitglied aus, so wird dessen Stelle durch Beschluss der \u00fcbrigen Vorstandsmitglieder bis zur n\u00e4chsten Jahreshauptversammlung besetzt. Scheiden mehr als zwei Vorstandsmitglieder aus. so ist binnen eines Monats eine au\u00dferordentliche Mitgliederversammlung zur Erg\u00e4nzungswahl einzuberufen.<\/li>\n<\/ol>\n<ol start=\"6\">\n<li>Zwei Mitglieder des Vorstandes im Sinne des \u00a7 26 BGB vertreten den Verein gerichtlich und au\u00dfergerichtlich, darunter die\/der Vorsitzende oder die\/der stellvertretende Vorsitzende. Die\/Der Vorsitzende oder der Stellvertreter beruft und leitet die Mitgliederversammlung. Soweit die Angelegenheiten des Vereins nicht durch die Mitgliederversammlung zu ordnen sind, besorgt sie die\/der Vorsitzende und die weiteren Vorstandsmitglieder nach den Vorschriften des Gesetzes und dieser Satzung.<\/li>\n<\/ol>\n<ol start=\"7\">\n<li>Der Vorstand tritt allj\u00e4hrlich mindestens einmal zusammen. Er kann nach Ermessen der\/des Vorsitzenden \u00f6fter einberufen werden. Die Einberufung muss erfolgen, wenn ein Drittel der Vorstandsmitglieder dieses verlangen. Der Vorstand ist beschlussf\u00e4hig, wenn die H\u00e4lfte seiner Mitglieder anwesend sind. Der Vorstand beschlie\u00dft \u00fcber alle grunds\u00e4tzlichen Fragen, soweit sie nicht der Mitgliederversammlung vorbehalten sind, mit einfacher Stimmenmehrheit. Bei Stimmengleichheit ist der Antrag abgelehnt.<\/li>\n<\/ol>\n<ol start=\"8\">\n<li>Die Vorstandsmitglieder des Imkervereins sind ehrenamtlich t\u00e4tig, jedoch kann Ersatz f\u00fcr Auslagen gew\u00e4hrt werden.<\/li>\n<\/ol>\n<p><b>\u00a7 10 Finanzierung des Imkervereins<\/b><\/p>\n<p>Die Finanzierung des Imkervereins erfolgt durch die von den Mitgliedern zu entrichtenden Mitgliederbeitr\u00e4ge, deren H\u00f6he die Hauptversammlung beschlie\u00dft und gegebenenfalls durch Beihilfen und Spenden von \u00f6ffentlichen und privaten Stellen.<\/p>\n<p><b>\u00a7 11 Kassen- und Verm\u00f6gensverwaltung<\/b><\/p>\n<p>Zum Schluss eines jeden Gesch\u00e4ftsjahres sind die B\u00fccher des Imkervereins abzuschlie\u00dfen. Vom Kassierer sind ein Rechnungsabschluss und ein Jahresbericht anzufertigen und die Pr\u00fcfung durch die bestellten Rechnungspr\u00fcfer\/innen vorzunehmen.<\/p>\n<p><b>\u00a7 12 Gerichtsstand<\/b><\/p>\n<p>Rechtsstreitigkeiten zwischen dem Imkerverein einerseits und einem Mitglied andererseits werden durch das Amtsgericht Paderborn entschieden.<\/p>\n<p><b>\u00a7 13 Aufl\u00f6sung des Imkervereins<\/b><\/p>\n<ol start=\"1\">\n<li>Die Aufl\u00f6sung des Imkervereins kann nur in einer au\u00dferordentlichen Mitgliederversammlung beschlossen werden. Auf der Tagesordnung dieser Versammlung darf nur der Punkt ..Aufl\u00f6sung des Imkervereins&#8220; stehen.<\/li>\n<\/ol>\n<ol start=\"2\">\n<li>Die Einberufung einer solchen Mitgliederversammlung darf nur erfolgen, wenn es:<\/li>\n<\/ol>\n<ol>\n<li>der gesamte Vorstand mit einer Mehrheit von drei Viertel aller seiner Mitglieder beschlossen hat oder<\/li>\n<\/ol>\n<ol>\n<li>von zwei Drittel der stimmberechtigten Mitglieder des Imkervereins schriftlich gefordert wurde.<\/li>\n<\/ol>\n<ol>\n<li>Die Aufl\u00f6sung kann nur mit einer Mehrheit von drei Viertel der erschienenen stimmberechtigten Mitglieder beschlossen werden. Die Abstimmung ist namentlich vorzunehmen.<\/li>\n<\/ol>\n<ol>\n<li>Bei Aufl\u00f6sung oder Aufhebung des Imkervereins oder Wegfall seines bisherigen Zwecks f\u00e4llt das Verm\u00f6gen des Imkervereins an die Gemeinde Borchen mit der Bestimmung zur unmittelbaren und ausschlie\u00dflichen Verwendung f\u00fcr gemeinn\u00fctzige Zwecke zur F\u00f6rderung des Naturschutzes insbesondere des Bienenschutzes und der Bienenhaltung.<\/li>\n<\/ol>\n<table border=\"1\" cellspacing=\"0\" cellpadding=\"0\">\n<tbody>\n<tr>\n<td valign=\"top\" width=\"305\">Borchen, den<\/td>\n<td valign=\"top\" width=\"13\"><\/td>\n<td valign=\"top\" width=\"318\"><\/td>\n<\/tr>\n<tr>\n<td valign=\"top\" width=\"305\"><\/td>\n<td valign=\"top\" width=\"13\"><\/td>\n<td valign=\"top\" width=\"318\"><\/td>\n<\/tr>\n<tr>\n<td valign=\"top\" width=\"305\"><\/td>\n<td valign=\"top\" width=\"13\"><\/td>\n<td valign=\"top\" width=\"318\"><\/td>\n<\/tr>\n<tr>\n<td valign=\"top\" width=\"305\"><\/td>\n<td valign=\"top\" width=\"13\"><\/td>\n<td valign=\"top\" width=\"318\"><\/td>\n<\/tr>\n<tr>\n<td valign=\"top\" width=\"305\">Josef Isermann (1. Vorsitzender)<\/td>\n<td valign=\"top\" width=\"13\"><\/td>\n<td valign=\"top\" width=\"318\">Franz Kloppenburg (2. Vorsitzender)<\/td>\n<\/tr>\n<tr>\n<td valign=\"top\" width=\"305\"><\/td>\n<td valign=\"top\" width=\"13\"><\/td>\n<td valign=\"top\" width=\"318\"><\/td>\n<\/tr>\n<tr>\n<td valign=\"top\" width=\"305\"><\/td>\n<td valign=\"top\" width=\"13\"><\/td>\n<td valign=\"top\" width=\"318\"><\/td>\n<\/tr>\n<tr>\n<td valign=\"top\" width=\"305\"><\/td>\n<td valign=\"top\" width=\"13\"><\/td>\n<td valign=\"top\" width=\"318\"><\/td>\n<\/tr>\n<tr>\n<td valign=\"top\" width=\"305\">Thomas Knaup (Kassierer)<\/td>\n<td valign=\"top\" width=\"13\"><\/td>\n<td valign=\"top\" width=\"318\">Herbert B\u00fcker (Schriftf\u00fchrer)<\/td>\n<\/tr>\n<\/tbody>\n<\/table>\n<p>&nbsp;<\/p>\n","protected":false},"excerpt":{"rendered":"<p>\u00a0 \u00a0 Satzung des Imkervereins Etteln \u00a0 \u00a0 &nbsp; Verabschiedet am 06. November 2005 Inhaltsverzeichnis \u00a7 1 Name, Sitz und Gesch\u00e4ftsjahr Seite 3 \u00a0 \u00a0 \u00a0 \u00a7 2 Aufgaben des Imkervereins Seite 3 \u00a7 3 Mitglieder Seite 4 \u00a7 4 Erwerb der Mitgliedschaft Seite 4 \u00a7 5 Rechte und Pflichten der Mitglieder Seite 4 \u00a7 &hellip; <a href=\"http:\/\/imkerverein-etteln.de\/?page_id=120\" class=\"more-link\"><span class=\"screen-reader-text\">Satzung<\/span> weiterlesen <span class=\"meta-nav\">&rarr;<\/span><\/a><\/p>\n","protected":false},"author":1,"featured_media":0,"parent":0,"menu_order":0,"comment_status":"closed","ping_status":"open","template":"","meta":[],"_links":{"self":[{"href":"http:\/\/imkerverein-etteln.de\/index.php?rest_route=\/wp\/v2\/pages\/120"}],"collection":[{"href":"http:\/\/imkerverein-etteln.de\/index.php?rest_route=\/wp\/v2\/pages"}],"about":[{"href":"http:\/\/imkerverein-etteln.de\/index.php?rest_route=\/wp\/v2\/types\/page"}],"author":[{"embeddable":true,"href":"http:\/\/imkerverein-etteln.de\/index.php?rest_route=\/wp\/v2\/users\/1"}],"replies":[{"embeddable":true,"href":"http:\/\/imkerverein-etteln.de\/index.php?rest_route=%2Fwp%2Fv2%2Fcomments&post=120"}],"version-history":[{"count":1,"href":"http:\/\/imkerverein-etteln.de\/index.php?rest_route=\/wp\/v2\/pages\/120\/revisions"}],"predecessor-version":[{"id":121,"href":"http:\/\/imkerverein-etteln.de\/index.php?rest_route=\/wp\/v2\/pages\/120\/revisions\/121"}],"wp:attachment":[{"href":"http:\/\/imkerverein-etteln.de\/index.php?rest_route=%2Fwp%2Fv2%2Fmedia&parent=120"}],"curies":[{"name":"wp","href":"https:\/\/api.w.org\/{rel}","templated":true}]}}