{"id":1205,"date":"2019-09-28T20:04:41","date_gmt":"2019-09-28T19:04:41","guid":{"rendered":"http:\/\/imkerverein-etteln.de\/?page_id=1205"},"modified":"2019-09-28T20:04:41","modified_gmt":"2019-09-28T19:04:41","slug":"unser-vereinsheim","status":"publish","type":"page","link":"http:\/\/imkerverein-etteln.de\/?page_id=1205","title":{"rendered":"Unser Vereinsheim"},"content":{"rendered":"<p><br \/><br \/><!--StartFragment--><\/p>\n<p><a href=\"http:\/\/imkerverein-etteln.de\/wp-content\/uploads\/2016\/08\/Bienen_im_Anflug_5375.jpg\"><br \/><img decoding=\"async\" loading=\"lazy\" class=\"aligncenter size-medium wp-image-545\" src=\"http:\/\/imkerverein-etteln.de\/wp-content\/uploads\/2016\/08\/Bienen_im_Anflug_5375-225x300.jpg\" alt=\"Bienen_im_Anflug_5375\" width=\"225\" height=\"300\" srcset=\"http:\/\/imkerverein-etteln.de\/wp-content\/uploads\/2016\/08\/Bienen_im_Anflug_5375-225x300.jpg 225w, http:\/\/imkerverein-etteln.de\/wp-content\/uploads\/2016\/08\/Bienen_im_Anflug_5375-768x1024.jpg 768w, http:\/\/imkerverein-etteln.de\/wp-content\/uploads\/2016\/08\/Bienen_im_Anflug_5375-1200x1600.jpg 1200w\" sizes=\"(max-width: 225px) 100vw, 225px\" \/><\/a><\/p>\n<h3><span style=\"color: #ff0000;\"><strong>Bilder vom Anbau unseres Vereinsheim. Gestartet sind wir im Oktober 2018 nach langer Planungs- und Genehmigungsphase.\u00a0<\/strong><\/span><\/h3>\n<h3><span style=\"color: #ff0000;\"><strong>Es ist eine gelungene Konzeption und sinnvolle Ma\u00dfnahme gewesen. Der aktuelle Zustand war nur mit der Unterst\u00fctzung der vielen Helfer m\u00f6glich. Besonders unsere \u00e4lteren Mitglieder haben tatkr\u00e4ftig mitgewirkt.\u00a0<\/strong><\/span><\/h3>\n<h3><span style=\"color: #ff0000;\"><strong>Allen Helfern gilt der Dank des Vorstandes.<\/strong><\/span><\/h3>\n<figure id=\"attachment_923\" aria-describedby=\"caption-attachment-923\" style=\"width: 300px\" class=\"wp-caption aligncenter\"><a href=\"http:\/\/imkerverein-etteln.de\/wp-content\/uploads\/2018\/10\/20181020_125626.jpg\"><img decoding=\"async\" loading=\"lazy\" class=\"size-medium wp-image-923\" src=\"http:\/\/imkerverein-etteln.de\/wp-content\/uploads\/2018\/10\/20181020_125626-300x180.jpg\" alt=\"\" width=\"300\" height=\"180\" srcset=\"http:\/\/imkerverein-etteln.de\/wp-content\/uploads\/2018\/10\/20181020_125626-300x180.jpg 300w, http:\/\/imkerverein-etteln.de\/wp-content\/uploads\/2018\/10\/20181020_125626-768x461.jpg 768w, http:\/\/imkerverein-etteln.de\/wp-content\/uploads\/2018\/10\/20181020_125626-1024x614.jpg 1024w\" sizes=\"(max-width: 300px) 100vw, 300px\" \/><\/a><figcaption id=\"caption-attachment-923\" class=\"wp-caption-text\"><strong><span style=\"color: #ff0000;\">Der Anfang ist gemacht\u00a0 \u00a0 \u00a0 \u00a0 \u00a0 \u00a0 \u00a0 \u00a0 \u00a0 \u00a0 \u00a0 -Oktober 2018-<\/span><\/strong><\/figcaption><\/figure>\n<h2><a href=\"http:\/\/imkerverein-etteln.de\/wp-content\/uploads\/2019\/02\/IMG_1856.jpg\"><img decoding=\"async\" loading=\"lazy\" class=\"aligncenter size-medium wp-image-1037\" src=\"http:\/\/imkerverein-etteln.de\/wp-content\/uploads\/2019\/02\/IMG_1856-300x225.jpg\" alt=\"\" width=\"300\" height=\"225\" srcset=\"http:\/\/imkerverein-etteln.de\/wp-content\/uploads\/2019\/02\/IMG_1856-300x225.jpg 300w, http:\/\/imkerverein-etteln.de\/wp-content\/uploads\/2019\/02\/IMG_1856-768x576.jpg 768w, http:\/\/imkerverein-etteln.de\/wp-content\/uploads\/2019\/02\/IMG_1856-1024x768.jpg 1024w\" sizes=\"(max-width: 300px) 100vw, 300px\" \/><\/a><\/h2>\n<h2><a href=\"http:\/\/imkerverein-etteln.de\/wp-content\/uploads\/2019\/02\/IMG_1857.jpg\"><img decoding=\"async\" loading=\"lazy\" class=\"aligncenter size-medium wp-image-1038\" src=\"http:\/\/imkerverein-etteln.de\/wp-content\/uploads\/2019\/02\/IMG_1857-300x225.jpg\" alt=\"\" width=\"300\" height=\"225\" srcset=\"http:\/\/imkerverein-etteln.de\/wp-content\/uploads\/2019\/02\/IMG_1857-300x225.jpg 300w, http:\/\/imkerverein-etteln.de\/wp-content\/uploads\/2019\/02\/IMG_1857-768x576.jpg 768w, http:\/\/imkerverein-etteln.de\/wp-content\/uploads\/2019\/02\/IMG_1857-1024x768.jpg 1024w\" sizes=\"(max-width: 300px) 100vw, 300px\" \/><\/a><a href=\"http:\/\/imkerverein-etteln.de\/wp-content\/uploads\/2019\/02\/IMG_1859.jpg\"><img decoding=\"async\" loading=\"lazy\" class=\"aligncenter size-medium wp-image-1034\" src=\"http:\/\/imkerverein-etteln.de\/wp-content\/uploads\/2019\/02\/IMG_1859-300x225.jpg\" alt=\"\" width=\"300\" height=\"225\" srcset=\"http:\/\/imkerverein-etteln.de\/wp-content\/uploads\/2019\/02\/IMG_1859-300x225.jpg 300w, http:\/\/imkerverein-etteln.de\/wp-content\/uploads\/2019\/02\/IMG_1859-768x576.jpg 768w, http:\/\/imkerverein-etteln.de\/wp-content\/uploads\/2019\/02\/IMG_1859-1024x768.jpg 1024w\" sizes=\"(max-width: 300px) 100vw, 300px\" \/><\/a><a href=\"http:\/\/imkerverein-etteln.de\/wp-content\/uploads\/2019\/02\/IMG_1855.jpg\"><img decoding=\"async\" loading=\"lazy\" class=\"aligncenter size-medium wp-image-1036\" src=\"http:\/\/imkerverein-etteln.de\/wp-content\/uploads\/2019\/02\/IMG_1855-300x225.jpg\" alt=\"\" width=\"300\" height=\"225\" srcset=\"http:\/\/imkerverein-etteln.de\/wp-content\/uploads\/2019\/02\/IMG_1855-300x225.jpg 300w, http:\/\/imkerverein-etteln.de\/wp-content\/uploads\/2019\/02\/IMG_1855-768x576.jpg 768w, http:\/\/imkerverein-etteln.de\/wp-content\/uploads\/2019\/02\/IMG_1855-1024x768.jpg 1024w\" sizes=\"(max-width: 300px) 100vw, 300px\" \/><\/a><a href=\"http:\/\/imkerverein-etteln.de\/wp-content\/uploads\/2019\/02\/IMG_1854.jpg\"><img decoding=\"async\" loading=\"lazy\" class=\"aligncenter size-medium wp-image-1035\" src=\"http:\/\/imkerverein-etteln.de\/wp-content\/uploads\/2019\/02\/IMG_1854-300x225.jpg\" alt=\"\" width=\"300\" height=\"225\" srcset=\"http:\/\/imkerverein-etteln.de\/wp-content\/uploads\/2019\/02\/IMG_1854-300x225.jpg 300w, http:\/\/imkerverein-etteln.de\/wp-content\/uploads\/2019\/02\/IMG_1854-768x576.jpg 768w, http:\/\/imkerverein-etteln.de\/wp-content\/uploads\/2019\/02\/IMG_1854-1024x768.jpg 1024w\" sizes=\"(max-width: 300px) 100vw, 300px\" \/><\/a>Diese aktuellen Bilder zeigen unser neues Vereinsheim nach der Fertigstellung\u00a0 im Februar 2019.<\/h2>\n<h2><a style=\"color: #41a62a; outline: 0px;\" href=\"http:\/\/imkerverein-etteln.de\/wp-content\/uploads\/2016\/11\/umlarvtag.jpg\"><br \/><img decoding=\"async\" loading=\"lazy\" class=\"aligncenter size-full wp-image-642\" src=\"http:\/\/imkerverein-etteln.de\/wp-content\/uploads\/2016\/11\/umlarvtag.jpg\" alt=\"\" width=\"53\" height=\"80\" \/><\/a><\/h2>\n<h3>*********************************************<\/h3>\n<h1><span style=\"color: #ff0000;\"><em><strong>\u00a0 \u00a0 \u00a0 \u00a0 Offizielle Einweihung\u00a0<\/strong><\/em><\/span><\/h1>\n\n\n<figure class=\"wp-block-image\"><img decoding=\"async\" loading=\"lazy\" width=\"1024\" height=\"678\" src=\"http:\/\/imkerverein-etteln.de\/wp-content\/uploads\/2019\/09\/DSC_0269-1024x678.jpg\" alt=\"\" class=\"wp-image-1144\" srcset=\"http:\/\/imkerverein-etteln.de\/wp-content\/uploads\/2019\/09\/DSC_0269-1024x678.jpg 1024w, http:\/\/imkerverein-etteln.de\/wp-content\/uploads\/2019\/09\/DSC_0269-300x199.jpg 300w, http:\/\/imkerverein-etteln.de\/wp-content\/uploads\/2019\/09\/DSC_0269-768x508.jpg 768w, http:\/\/imkerverein-etteln.de\/wp-content\/uploads\/2019\/09\/DSC_0269.jpg 1080w\" sizes=\"(max-width: 1024px) 100vw, 1024px\" \/><\/figure>\n\n\n\n<figure class=\"wp-block-image is-resized\"><img decoding=\"async\" loading=\"lazy\" src=\"http:\/\/imkerverein-etteln.de\/wp-content\/uploads\/2019\/09\/DSC_0260-1024x678.jpg\" alt=\"\" class=\"wp-image-1143\" width=\"577\" height=\"382\" srcset=\"http:\/\/imkerverein-etteln.de\/wp-content\/uploads\/2019\/09\/DSC_0260-1024x678.jpg 1024w, http:\/\/imkerverein-etteln.de\/wp-content\/uploads\/2019\/09\/DSC_0260-300x199.jpg 300w, http:\/\/imkerverein-etteln.de\/wp-content\/uploads\/2019\/09\/DSC_0260-768x508.jpg 768w, http:\/\/imkerverein-etteln.de\/wp-content\/uploads\/2019\/09\/DSC_0260.jpg 1080w\" sizes=\"(max-width: 577px) 100vw, 577px\" \/><figcaption> <br>Sehr geehrte Damen und Herren,<br>&nbsp;<br>sende Ihnen die Bilder und den Text zur Einweihung des Erweiterungsbaus des Imkervereins in Etteln. Bild 1 zeigt Mitglieder des Vorstandes mit&nbsp; der jetzt gesegneten neuen Fahne vor dem Erweiterungsbau, Bild 2. Vorstand (erste Vorsitzende Walburga Kammler mit Fahne) und Mitglieder mit der jetzt gesegneten neuen Fahne sowie Pastor Markus Berief (rechts au\u00dfen) vor dem Erweiterungsbau.<br>&nbsp;<br>Etteln (hv\/hk). Am vergangenem Sonntag feierte der Imkerverein Etteln sein Sommerfest am Lehrbienenstand im M\u00fchlbachtal mit der offiziellen Einweihung des Erweiterungsbaus. Pastor Markus Berief segnete das Vereinshaus und die neu angeschaffte Fahne mit dem Emblem der Imker. &#8222;Durch die Spenden und die Unterst\u00fctzung der flei\u00dfigen Imker, wobei besonders die Rentner tatkr\u00e4ftig mitwirkten, wurde es ein gelungenes Unternehmen&#8220;, freute sich die erste Vorsitzende Walburga Kammler und bedankte sich auch im Namen des Vorstandes bei den flei\u00dfigen Helferinnen und Helfern. Pastor Markus Berief segnete die neue Fahne und den Anbau und hielt eine kleine Andacht: Bienen w\u00fcrden&nbsp; schon&nbsp; wegen ihres seit jeher wertvollen Honigs und wegen des Wachses, dem \u00fcber Jahrhunderte einzigen Material f\u00fcr die Kerzenherstellung , geehrt und das nicht nur seit der Legende des heiligen Ambrosius, dem Schutzpatron der Imker und Bienen. Der Imkerverein Etteln z\u00e4hlt mittlerweile 55 Imker mit einer V\u00f6lkerzahl von 304 Bienenv\u00f6lker. &#8222;Der Vorstand freut sich \u00fcber das zunehmende Interesse und den Zuwachs an Imkern.&#8220; erkl\u00e4rte die erste Vorsitzende. Alle zwei Jahre findet zudem ein Anf\u00e4ngerkurs, der gemeinsam mit der VHS Paderborn organisiert wird, statt. Weitere Infos \u00fcber&nbsp;<a rel=\"noreferrer noopener\" target=\"_blank\" href=\"http:\/\/www.imkerverein-etteln.de\/\">www.imkerverein-etteln.de<\/a>.<br>&nbsp;<br>Text und Foto: Helga Kloppenburg<br>&nbsp;<br><br>&nbsp;&nbsp;<br><a rel=\"noreferrer noopener\" href=\"https:\/\/mail.aol.com\/webmail\/getPart?uid=AKeIBYdcwPscXXgF4gro-EW-WTI&amp;partId=2&amp;saveAs=DSC_0269.JPG&amp;scope=STANDARD\" target=\"_blank\"><\/a><br><a rel=\"noreferrer noopener\" href=\"https:\/\/mail.aol.com\/webmail\/getPart?uid=AKeIBYdcwPscXXgF4gro-EW-WTI&amp;partId=3&amp;saveAs=DSC_0260.JPG&amp;scope=STANDARD\" target=\"_blank\"><\/a> <\/figcaption><\/figure>\n\n\n<p><!--EndFragment--><br>\n<br>\n<\/p>","protected":false},"excerpt":{"rendered":"<p>Bilder vom Anbau unseres Vereinsheim. Gestartet sind wir im Oktober 2018 nach langer Planungs- und Genehmigungsphase.\u00a0 Es ist eine gelungene Konzeption und sinnvolle Ma\u00dfnahme gewesen. Der aktuelle Zustand war nur mit der Unterst\u00fctzung der vielen Helfer m\u00f6glich. Besonders unsere \u00e4lteren Mitglieder haben tatkr\u00e4ftig mitgewirkt.\u00a0 Allen Helfern gilt der Dank des Vorstandes. Diese aktuellen Bilder zeigen &hellip; <a href=\"http:\/\/imkerverein-etteln.de\/?page_id=1205\" class=\"more-link\"><span class=\"screen-reader-text\">Unser Vereinsheim<\/span> weiterlesen <span class=\"meta-nav\">&rarr;<\/span><\/a><\/p>\n","protected":false},"author":1,"featured_media":0,"parent":0,"menu_order":0,"comment_status":"closed","ping_status":"closed","template":"","meta":[],"_links":{"self":[{"href":"http:\/\/imkerverein-etteln.de\/index.php?rest_route=\/wp\/v2\/pages\/1205"}],"collection":[{"href":"http:\/\/imkerverein-etteln.de\/index.php?rest_route=\/wp\/v2\/pages"}],"about":[{"href":"http:\/\/imkerverein-etteln.de\/index.php?rest_route=\/wp\/v2\/types\/page"}],"author":[{"embeddable":true,"href":"http:\/\/imkerverein-etteln.de\/index.php?rest_route=\/wp\/v2\/users\/1"}],"replies":[{"embeddable":true,"href":"http:\/\/imkerverein-etteln.de\/index.php?rest_route=%2Fwp%2Fv2%2Fcomments&post=1205"}],"version-history":[{"count":1,"href":"http:\/\/imkerverein-etteln.de\/index.php?rest_route=\/wp\/v2\/pages\/1205\/revisions"}],"predecessor-version":[{"id":1208,"href":"http:\/\/imkerverein-etteln.de\/index.php?rest_route=\/wp\/v2\/pages\/1205\/revisions\/1208"}],"wp:attachment":[{"href":"http:\/\/imkerverein-etteln.de\/index.php?rest_route=%2Fwp%2Fv2%2Fmedia&parent=1205"}],"curies":[{"name":"wp","href":"https:\/\/api.w.org\/{rel}","templated":true}]}}

<p><br /><br /><!--StartFragment--></p>
<p><a href="http://imkerverein-etteln.de/wp-content/uploads/2016/08/Bienen_im_Anflug_5375.jpg"><br /><img decoding="async" loading="lazy" class="aligncenter size-medium wp-image-545" src="http://imkerverein-etteln.de/wp-content/uploads/2016/08/Bienen_im_Anflug_5375-225x300.jpg" alt="Bienen_im_Anflug_5375" width="225" height="300" srcset="http://imkerverein-etteln.de/wp-content/uploads/2016/08/Bienen_im_Anflug_5375-225x300.jpg 225w, http://imkerverein-etteln.de/wp-content/uploads/2016/08/Bienen_im_Anflug_5375-768x1024.jpg 768w, http://imkerverein-etteln.de/wp-content/uploads/2016/08/Bienen_im_Anflug_5375-1200x1600.jpg 1200w" sizes="(max-width: 225px) 100vw, 225px" /></a></p>
<h3><span style="color: #ff0000;"><strong>Bilder vom Anbau unseres Vereinsheim. Gestartet sind wir im Oktober 2018 nach langer Planungs- und Genehmigungsphase. </strong></span></h3>
<h3><span style="color: #ff0000;"><strong>Es ist eine gelungene Konzeption und sinnvolle Maßnahme gewesen. Der aktuelle Zustand war nur mit der Unterstützung der vielen Helfer möglich. Besonders unsere älteren Mitglieder haben tatkräftig mitgewirkt. </strong></span></h3>
<h3><span style="color: #ff0000;"><strong>Allen Helfern gilt der Dank des Vorstandes.</strong></span></h3>
<figure id="attachment_923" aria-describedby="caption-attachment-923" style="width: 300px" class="wp-caption aligncenter"><a href="http://imkerverein-etteln.de/wp-content/uploads/2018/10/20181020_125626.jpg"><img decoding="async" loading="lazy" class="size-medium wp-image-923" src="http://imkerverein-etteln.de/wp-content/uploads/2018/10/20181020_125626-300x180.jpg" alt="" width="300" height="180" srcset="http://imkerverein-etteln.de/wp-content/uploads/2018/10/20181020_125626-300x180.jpg 300w, http://imkerverein-etteln.de/wp-content/uploads/2018/10/20181020_125626-768x461.jpg 768w, http://imkerverein-etteln.de/wp-content/uploads/2018/10/20181020_125626-1024x614.jpg 1024w" sizes="(max-width: 300px) 100vw, 300px" /></a><figcaption id="caption-attachment-923" class="wp-caption-text"><strong><span style="color: #ff0000;">Der Anfang ist gemacht                      -Oktober 2018-</span></strong></figcaption></figure>
<h2><a href="http://imkerverein-etteln.de/wp-content/uploads/2019/02/IMG_1856.jpg"><img decoding="async" loading="lazy" class="aligncenter size-medium wp-image-1037" src="http://imkerverein-etteln.de/wp-content/uploads/2019/02/IMG_1856-300x225.jpg" alt="" width="300" height="225" srcset="http://imkerverein-etteln.de/wp-content/uploads/2019/02/IMG_1856-300x225.jpg 300w, http://imkerverein-etteln.de/wp-content/uploads/2019/02/IMG_1856-768x576.jpg 768w, http://imkerverein-etteln.de/wp-content/uploads/2019/02/IMG_1856-1024x768.jpg 1024w" sizes="(max-width: 300px) 100vw, 300px" /></a></h2>
<h2><a href="http://imkerverein-etteln.de/wp-content/uploads/2019/02/IMG_1857.jpg"><img decoding="async" loading="lazy" class="aligncenter size-medium wp-image-1038" src="http://imkerverein-etteln.de/wp-content/uploads/2019/02/IMG_1857-300x225.jpg" alt="" width="300" height="225" srcset="http://imkerverein-etteln.de/wp-content/uploads/2019/02/IMG_1857-300x225.jpg 300w, http://imkerverein-etteln.de/wp-content/uploads/2019/02/IMG_1857-768x576.jpg 768w, http://imkerverein-etteln.de/wp-content/uploads/2019/02/IMG_1857-1024x768.jpg 1024w" sizes="(max-width: 300px) 100vw, 300px" /></a><a href="http://imkerverein-etteln.de/wp-content/uploads/2019/02/IMG_1859.jpg"><img decoding="async" loading="lazy" class="aligncenter size-medium wp-image-1034" src="http://imkerverein-etteln.de/wp-content/uploads/2019/02/IMG_1859-300x225.jpg" alt="" width="300" height="225" srcset="http://imkerverein-etteln.de/wp-content/uploads/2019/02/IMG_1859-300x225.jpg 300w, http://imkerverein-etteln.de/wp-content/uploads/2019/02/IMG_1859-768x576.jpg 768w, http://imkerverein-etteln.de/wp-content/uploads/2019/02/IMG_1859-1024x768.jpg 1024w" sizes="(max-width: 300px) 100vw, 300px" /></a><a href="http://imkerverein-etteln.de/wp-content/uploads/2019/02/IMG_1855.jpg"><img decoding="async" loading="lazy" class="aligncenter size-medium wp-image-1036" src="http://imkerverein-etteln.de/wp-content/uploads/2019/02/IMG_1855-300x225.jpg" alt="" width="300" height="225" srcset="http://imkerverein-etteln.de/wp-content/uploads/2019/02/IMG_1855-300x225.jpg 300w, http://imkerverein-etteln.de/wp-content/uploads/2019/02/IMG_1855-768x576.jpg 768w, http://imkerverein-etteln.de/wp-content/uploads/2019/02/IMG_1855-1024x768.jpg 1024w" sizes="(max-width: 300px) 100vw, 300px" /></a><a href="http://imkerverein-etteln.de/wp-content/uploads/2019/02/IMG_1854.jpg"><img decoding="async" loading="lazy" class="aligncenter size-medium wp-image-1035" src="http://imkerverein-etteln.de/wp-content/uploads/2019/02/IMG_1854-300x225.jpg" alt="" width="300" height="225" srcset="http://imkerverein-etteln.de/wp-content/uploads/2019/02/IMG_1854-300x225.jpg 300w, http://imkerverein-etteln.de/wp-content/uploads/2019/02/IMG_1854-768x576.jpg 768w, http://imkerverein-etteln.de/wp-content/uploads/2019/02/IMG_1854-1024x768.jpg 1024w" sizes="(max-width: 300px) 100vw, 300px" /></a>Diese aktuellen Bilder zeigen unser neues Vereinsheim nach der Fertigstellung  im Februar 2019.</h2>
<h2><a style="color: #41a62a; outline: 0px;" href="http://imkerverein-etteln.de/wp-content/uploads/2016/11/umlarvtag.jpg"><br /><img decoding="async" loading="lazy" class="aligncenter size-full wp-image-642" src="http://imkerverein-etteln.de/wp-content/uploads/2016/11/umlarvtag.jpg" alt="" width="53" height="80" /></a></h2>
<h3>*********************************************</h3>
<h1><span style="color: #ff0000;"><em><strong>        Offizielle Einweihung </strong></em></span></h1>


<figure class="wp-block-image"><img decoding="async" loading="lazy" width="1024" height="678" src="http://imkerverein-etteln.de/wp-content/uploads/2019/09/DSC_0269-1024x678.jpg" alt="" class="wp-image-1144" srcset="http://imkerverein-etteln.de/wp-content/uploads/2019/09/DSC_0269-1024x678.jpg 1024w, http://imkerverein-etteln.de/wp-content/uploads/2019/09/DSC_0269-300x199.jpg 300w, http://imkerverein-etteln.de/wp-content/uploads/2019/09/DSC_0269-768x508.jpg 768w, http://imkerverein-etteln.de/wp-content/uploads/2019/09/DSC_0269.jpg 1080w" sizes="(max-width: 1024px) 100vw, 1024px" /></figure>



<figure class="wp-block-image is-resized"><img decoding="async" loading="lazy" src="http://imkerverein-etteln.de/wp-content/uploads/2019/09/DSC_0260-1024x678.jpg" alt="" class="wp-image-1143" width="577" height="382" srcset="http://imkerverein-etteln.de/wp-content/uploads/2019/09/DSC_0260-1024x678.jpg 1024w, http://imkerverein-etteln.de/wp-content/uploads/2019/09/DSC_0260-300x199.jpg 300w, http://imkerverein-etteln.de/wp-content/uploads/2019/09/DSC_0260-768x508.jpg 768w, http://imkerverein-etteln.de/wp-content/uploads/2019/09/DSC_0260.jpg 1080w" sizes="(max-width: 577px) 100vw, 577px" /><figcaption> <br>Sehr geehrte Damen und Herren,<br>&nbsp;<br>sende Ihnen die Bilder und den Text zur Einweihung des Erweiterungsbaus des Imkervereins in Etteln. Bild 1 zeigt Mitglieder des Vorstandes mit&nbsp; der jetzt gesegneten neuen Fahne vor dem Erweiterungsbau, Bild 2. Vorstand (erste Vorsitzende Walburga Kammler mit Fahne) und Mitglieder mit der jetzt gesegneten neuen Fahne sowie Pastor Markus Berief (rechts außen) vor dem Erweiterungsbau.<br>&nbsp;<br>Etteln (hv/hk). Am vergangenem Sonntag feierte der Imkerverein Etteln sein Sommerfest am Lehrbienenstand im Mühlbachtal mit der offiziellen Einweihung des Erweiterungsbaus. Pastor Markus Berief segnete das Vereinshaus und die neu angeschaffte Fahne mit dem Emblem der Imker. &#8222;Durch die Spenden und die Unterstützung der fleißigen Imker, wobei besonders die Rentner tatkräftig mitwirkten, wurde es ein gelungenes Unternehmen&#8220;, freute sich die erste Vorsitzende Walburga Kammler und bedankte sich auch im Namen des Vorstandes bei den fleißigen Helferinnen und Helfern. Pastor Markus Berief segnete die neue Fahne und den Anbau und hielt eine kleine Andacht: Bienen würden&nbsp; schon&nbsp; wegen ihres seit jeher wertvollen Honigs und wegen des Wachses, dem über Jahrhunderte einzigen Material für die Kerzenherstellung , geehrt und das nicht nur seit der Legende des heiligen Ambrosius, dem Schutzpatron der Imker und Bienen. Der Imkerverein Etteln zählt mittlerweile 55 Imker mit einer Völkerzahl von 304 Bienenvölker. &#8222;Der Vorstand freut sich über das zunehmende Interesse und den Zuwachs an Imkern.&#8220; erklärte die erste Vorsitzende. Alle zwei Jahre findet zudem ein Anfängerkurs, der gemeinsam mit der VHS Paderborn organisiert wird, statt. Weitere Infos über&nbsp;<a rel="noreferrer noopener" target="_blank" href="http://www.imkerverein-etteln.de/">www.imkerverein-etteln.de</a>.<br>&nbsp;<br>Text und Foto: Helga Kloppenburg<br>&nbsp;<br><br>&nbsp;&nbsp;<br><a rel="noreferrer noopener" href="https://mail.aol.com/webmail/getPart?uid=AKeIBYdcwPscXXgF4gro-EW-WTI&amp;partId=2&amp;saveAs=DSC_0269.JPG&amp;scope=STANDARD" target="_blank"></a><br><a rel="noreferrer noopener" href="https://mail.aol.com/webmail/getPart?uid=AKeIBYdcwPscXXgF4gro-EW-WTI&amp;partId=3&amp;saveAs=DSC_0260.JPG&amp;scope=STANDARD" target="_blank"></a> </figcaption></figure>


<p><!--EndFragment--><br>
<br>
</p>

<p>Bilder vom Anbau unseres Vereinsheim. Gestartet sind wir im Oktober 2018 nach langer Planungs- und Genehmigungsphase.  Es ist eine gelungene Konzeption und sinnvolle Maßnahme gewesen. Der aktuelle Zustand war nur mit der Unterstützung der vielen Helfer möglich. Besonders unsere älteren Mitglieder haben tatkräftig mitgewirkt.  Allen Helfern gilt der Dank des Vorstandes. Diese aktuellen Bilder zeigen &hellip; <a href="http://imkerverein-etteln.de/?page_id=1205" class="more-link"><span class="screen-reader-text">Unser Vereinsheim</span> weiterlesen <span class="meta-nav">&rarr;</span></a></p>
