{"id":205,"date":"2014-02-04T13:54:38","date_gmt":"2014-02-04T12:54:38","guid":{"rendered":"http:\/\/imkerverein-etteln.de\/?page_id=205"},"modified":"2016-08-31T11:46:34","modified_gmt":"2016-08-31T10:46:34","slug":"wespen-und-hornissen","status":"publish","type":"page","link":"http:\/\/imkerverein-etteln.de\/?page_id=205","title":{"rendered":"Wespen und Hornissen"},"content":{"rendered":"<p><span style=\"text-decoration: underline;\"><strong>Quelle NABU:<\/strong><\/span><\/p>\n<h2>Kein Grund zur Panik<\/h2>\n<p>&nbsp;<\/p>\n<h3>Hornissen und Wespen sind friedlicher als allgemein gedacht<a href=\"http:\/\/imkerverein-etteln.de\/wp-content\/uploads\/2016\/08\/hornisse_wespe.jpg\"><img decoding=\"async\" loading=\"lazy\" class=\"aligncenter size-medium wp-image-551\" src=\"http:\/\/imkerverein-etteln.de\/wp-content\/uploads\/2016\/08\/hornisse_wespe-300x258.jpg\" alt=\"hornisse_wespe\" width=\"300\" height=\"258\" srcset=\"http:\/\/imkerverein-etteln.de\/wp-content\/uploads\/2016\/08\/hornisse_wespe-300x258.jpg 300w, http:\/\/imkerverein-etteln.de\/wp-content\/uploads\/2016\/08\/hornisse_wespe.jpg 589w\" sizes=\"(max-width: 300px) 100vw, 300px\" \/><\/a><\/h3>\n<p>&nbsp;<\/p>\n<h2>So gehen Sie mit Wespen richtig um<\/h2>\n<p>&nbsp;<\/p>\n<h3>20 NABU-Tipps zum gedeihlichen Miteinander<\/h3>\n<p>&nbsp;<\/p>\n<ul>\n<li><strong>Am Kaffeetisch und beim Grillen: Wespen stechen sobald sie sich bedroht f\u00fchlen. Vermeiden Sie deshalb heftige Bewegungen.<\/strong><\/li>\n<li><strong>Auch das Wegpusten der Tiere ist nicht ratsam: Das im Atem enthaltene Kohlendioxid gilt im Wespennest als Alarmsignal.<\/strong><\/li>\n<li><strong>Nur zwei der acht heimischen Wespenarten stehen auf S\u00fc\u00dfspeisen und Fleisch \/ Wurst, n\u00e4mlich Deutsche Wespe und Gemeine Wespe. Es ist sinnvoll, Nahrungsmittel im Freien abzudecken und Reste wegzur\u00e4umen. Nach dem Essen sollte bei Kindern der Mund abgewischt werden, um die Wespen nicht anzulocken.<\/strong><\/li>\n<li><strong>Nie direkt aus der Flasche trinken. Am besten Getr\u00e4nke mit dem Strohhalm trinken.<\/strong><\/li>\n<li><strong>Um von den ungeliebten Tischg\u00e4sten g\u00e4nzlich in Ruhe gelassen zu werden, empfiehlt sich eine Ablenkf\u00fctterung. Die Sch\u00fclerinnen Maike Sieler und Henrike Weidemann fanden bei einem Experiment f\u00fcr \u201eJugend forscht\u201c heraus, dass sich \u00fcberreife Weintrauben dazu am besten eignen. F\u00fcnf bis zehn Meter vom Ort des eigentlichen Geschehens entfernt aufgestellt, halten die Fr\u00fcchte die Wespen in Schach. Vorsicht: Unverd\u00fcnnte Marmelade oder reiner Honig wirken als Ablenkung weniger gut. Sie machen die Tiere aggressiv. Vom Kauf von mit s\u00fc\u00dfem Saft oder Bier gef\u00fcllten Wespenfallen r\u00e4t der NABU ganz ab. Die Tiere sterben in der Fl\u00fcssigkeit einen qualvollen Tod. Zudem gehen nur alte Tiere in die Falle. Das aktive Volk wird nicht dezimiert.<\/strong><\/li>\n<li><strong>Die V\u00f6lker der Gemeinen Wespe wie auch der Deutschen Wespe sind in der Regel 3000 bis 5000 Tiere gro\u00df.<\/strong><\/li>\n<\/ul>\n<p>&nbsp;<\/p>\n<ul>\n<li><strong>Wespen k\u00f6nnen von Ger\u00fcchen wie Parfum, Cremes, Holzm\u00f6belpolitur oder \u00e4hnlichen D\u00fcften angezogen werden. Au\u00dferdem fliegen Sie gerne auf bunte Kleidung.<\/strong><\/li>\n<li><strong>Um Wespen, Bienen und andere Insekten aus dem Haus zu halten, empfiehlt es sich, Fliegengaze an Fenstern und T\u00fcren anzubringen, insbesondere an K\u00fcchen-, Bad- und Kinderzimmerfenstern.<\/strong><\/li>\n<li><strong>Haben sich trotz aller Vorkehrungen Wespen ins Haus verirrt, wird ein Glas \u00fcber das Insekt gest\u00fclpt und vorsichtig ein St\u00fcck Papier als Boden untergeschoben, um das Tier wieder nach drau\u00dfen zu bringen.<\/strong><\/li>\n<li><strong>Wespennester am Haus d\u00fcrfen nicht einfach eingeschlossen werden, da sich die Tiere dann einen anderen Ausgang suchen und so ins Haus gelangen k\u00f6nnen. Am verschlossenen Einflugloch m\u00fcssen Sie dann mit aggressiven Wespen rechnen.<\/strong><\/li>\n<li><strong>Bleibt man auf einer Distanz von zwei bis drei Metern zum Nest und versperrt die Flugbahn der Wespen nicht, f\u00fchlen sie sich nicht bedroht.<\/strong><\/li>\n<li><strong>Obst rechtzeitig abernten und aufsammeln. Blattl\u00e4usen mit biologischen Ma\u00dfnahmen vorbeugen beziehungsweise diese bek\u00e4mpfen, da die s\u00fc\u00dfen Ausscheidungen der L\u00e4use Wespen anziehen.<\/strong><\/li>\n<li><strong>Als einzige Wespenart fliegen Hornissen auch bei Nacht \u2013 dementsprechend k\u00f6nnen sie sich dann an Partybeleuchtungen, erleuchteten Fenstern oder Hauseingangsbeleuchtungen sammeln. Hier sollte man die Gelegenheit beim Schopfe packen, unn\u00f6tige Lichtverschmutzung zu beenden oder zumindest zu begrenzen: Haus- und Wegbeleuchtungen sollten mit Bewegungsmeldern versehen sein, um wirklich nur bei Bedarf zur Verf\u00fcgung zu stehen. Dauerhafte Beleuchtungen sollten m\u00f6glichst schwach ausfallen, beispielsweise durch Verwendung von LED-Strahlern. Unn\u00f6tig sind Lichtquellen, die ihr Licht ungerichtet abstrahlen, wie Kugelleuchten oder Leuchten mit Reflektorenschirm. Sie sollten besser gegen zielgerichtete Punktstrahler ersetzt werden. Wer sich an der Lichtfarbe nicht st\u00f6rt, sollte Natriumdampflampen w\u00e4hlen, deren Lichtspektrum f\u00fcr n\u00e4chtliche Insekten schlecht wahrnehmbar ist. Am besten aber ist es, Lichtquellen wann immer m\u00f6glich abzuschalten oder erst in Betrieb zu nehmen, wenn das Fenster geschlossen ist \u2013 das gilt auch f\u00fcr den Fernseher.<\/strong><\/li>\n<\/ul>\n<p>&nbsp;<\/p>\n<p><strong>Auch schwarz-gelb geringelt, aber ausgesprochen friedlich: Feldwespen \u2013 zu erkennen unter anderem an den rotbraun \u00fcberhauchten Fl\u00fcgeln und den orangen F\u00fchlern \u2013 bilden eine eigene Unterfamilie und geh\u00f6ren nicht zu den Echten Wespen. Im Sommer sieht man sie h\u00e4ufig auf Bl\u00fcten Nektar naschen, hier an einer Wilden M\u00f6hre. Besonders einfach sind sie im Flug zu erkennen, da sie die langen Beine weit nach hinten gestreckt halten.<\/strong><\/p>\n<p>&nbsp;<\/p>\n<ul>\n<li><strong>Wespen k\u00f6nnen Holzverschalungen oder Holzverkleidungen leicht besch\u00e4digen, da sie das Holz als Grundstoff zum Bau ihrer Nester verwenden. Wenn Sie sicher gehen m\u00f6chten, dass Ihre Holzverkleidungen intakt bleiben, sollten Sie diese mit umweltfreundlichen Lacken und Farben regelm\u00e4\u00dfig pflegen.<\/strong><\/li>\n<li><strong>Nach den ersten Frostn\u00e4chten im Herbst gehen die Wespen ein. Man kann das Nest dann gefahrlos entfernen. Es empfiehlt sich, die Stelle gut zu s\u00e4ubern, denn Wespen orientieren sich am Geruch. Wohnungssuchende K\u00f6niginnen k\u00f6nnten sonst im n\u00e4chsten Jahr wieder an der Stelle einfinden, an der es \u201enach Wespe riecht\u201c.<\/strong><\/li>\n<li><strong>Falls sich Wespen an ung\u00fcnstiger Stelle angesiedelt haben, wenden Sie sich an Fachkundige vor Ort f\u00fcr eine Beratung. Manchmal gibt es sogar die M\u00f6glichkeit, ein problematisches Nest schonend umsiedeln zu lassen anstatt es gleich dem Sch\u00e4dlingsbek\u00e4mpfer zu \u00fcberlassen. Falls eine Abt\u00f6tung unumg\u00e4nglich ist, wenden Sie sich an \u00f6kologisch arbeitende Sch\u00e4dlingsbek\u00e4mpfer, die sich zum Beispiel am <a href=\"http:\/\/www.vfoes.de\/\" target=\"_blank\">Berufsverbandsiegel des vF\u00f6S<\/a> (Verein zur F\u00f6rderung der \u00f6kologischen Sch\u00e4dlingsbek\u00e4mpfung) erkennen lassen. Lassen Sie sich immer erkl\u00e4ren und zeigen, welche Mittel der Sch\u00e4dlingsbek\u00e4mpfer einsetzen will. Insbesondere bei der Abt\u00f6tung von Wespennestern in Rollladenk\u00e4sten kann es zu einer unn\u00f6tigen Raumluftkontamination kommen, wenn ungeeignete Mittel eingesetzt werden.<\/strong><\/li>\n<li><strong>\u00dcbrigens besteht kein grunds\u00e4tzlicher Anspruch des Nachbarns auf Entfernung des Nestes. Man haftet also nicht f\u00fcr das Nest und seine Folgen, es sei denn, man hat es gezielt und bewusst dort angesiedelt.<\/strong><\/li>\n<\/ul>\n<p>&nbsp;<\/p>\n<p><strong>Die Arbeiterinnen vieler Wespenarten sterben bereits am Ende des Hochsommers, die V\u00f6lker von Gemeiner und Deutscher Wespe halten dagegen bis in weit den Oktober hinein aus.<\/strong><\/p>\n<p>&nbsp;<\/p>\n<ul>\n<li><strong>Die meisten Wespenarten sind kurzzyklisch und ab Ende August wieder verschwunden. Die Nester, die dann noch aktiv sind und wachsen, sind Nester der Deutschen oder der Gemeinen Wespe. Generell kann man sagen, dass alle Arten, deren Nester man sieht \u2013 also freih\u00e4ngend im Geb\u00fcsch oder unter dem Schuppendach \u2013 den \u201eunproblematischen\u201c Arten zuzuordnen sind, die fr\u00fchzeitig verschwinden und die auch keine Bausch\u00e4den verursachen.<\/strong><\/li>\n<li><strong>Wespennester in Rollladenk\u00e4sten oder unter Dachziegeln sind in der Regel Nester von Kurzkopfwespen. Diese k\u00f6nnen, m\u00fcssen aber nicht Sch\u00e4den an der Bausubstanz anrichten. Achten Sie auf das Austragen von Material, wie D\u00e4mmung beispielsweise. Ein knabberndes Ger\u00e4usch ist dahingegen kein Hinweis auf Naget\u00e4tigkeit: Wie bei Hornissen betteln die Larven mit Kratzger\u00e4uschen an den Zellw\u00e4nden; zudem klingen die Laufger\u00e4usche der Tiere auf den Waben wie Nagen. Allerdings kann es besonders im Herbst dazu kommen, dass die Wespen die W\u00e4rme suchen und in Innenr\u00e4ume kommen.<\/strong><\/li>\n<li><strong>Hornissen machen keine unmittelbaren Bausch\u00e4den durch Benagen wie das zum Beispiel Wespen tun k\u00f6nnen. Allerdings koten sie unterhalb des Nestes fl\u00fcssig ab, dies kann Sch\u00e4den am Bauwerk, wie Verf\u00e4rbung oder Ger\u00fcche verursachen. Sofern m\u00f6glich, bietet sich das Unterstellen eines Eimers oder Wanne mit Katzenstreu an \u2013 zumindest sollte man unter dem Nest Befindliches entfernen oder abdecken.<\/strong><\/li>\n<li><strong>Hornissen genie\u00dfen durch die Bundesartenschutzverordnung besonderen Schutz. Werden Nester ohne Genehmigung zerst\u00f6rt oder umgesiedelt, kann es zu hohen Geldbu\u00dfen kommen. Ist die Umsiedlung eines Hornissennestes notwendig und nur eine Zerst\u00f6rung sinnvoll, beantragen Sie dies bitte bei Ihrer Stadt oder Gemeinde. Auf jeden Fall sollten Sie einen Experten zu Hilfe bitten.<\/strong><\/li>\n<\/ul>\n<p>&nbsp;<\/p>\n<p><strong><a href=\"http:\/\/www.nabu.de\/tiereundpflanzen\/insektenundspinnen\/hautfluegler\/wespenundhornissen\/02624.html#header#header\">\u00a0<\/a><\/strong><\/p>\n<p>&nbsp;<\/p>\n<p>&nbsp;<\/p>\n<p>&nbsp;<\/p>\n","protected":false},"excerpt":{"rendered":"<p>Quelle NABU: Kein Grund zur Panik &nbsp; Hornissen und Wespen sind friedlicher als allgemein gedacht &nbsp; So gehen Sie mit Wespen richtig um &nbsp; 20 NABU-Tipps zum gedeihlichen Miteinander &nbsp; Am Kaffeetisch und beim Grillen: Wespen stechen sobald sie sich bedroht f\u00fchlen. Vermeiden Sie deshalb heftige Bewegungen. Auch das Wegpusten der Tiere ist nicht ratsam: &hellip; <a href=\"http:\/\/imkerverein-etteln.de\/?page_id=205\" class=\"more-link\"><span class=\"screen-reader-text\">Wespen und Hornissen<\/span> weiterlesen <span class=\"meta-nav\">&rarr;<\/span><\/a><\/p>\n","protected":false},"author":1,"featured_media":0,"parent":0,"menu_order":0,"comment_status":"closed","ping_status":"open","template":"","meta":[],"_links":{"self":[{"href":"http:\/\/imkerverein-etteln.de\/index.php?rest_route=\/wp\/v2\/pages\/205"}],"collection":[{"href":"http:\/\/imkerverein-etteln.de\/index.php?rest_route=\/wp\/v2\/pages"}],"about":[{"href":"http:\/\/imkerverein-etteln.de\/index.php?rest_route=\/wp\/v2\/types\/page"}],"author":[{"embeddable":true,"href":"http:\/\/imkerverein-etteln.de\/index.php?rest_route=\/wp\/v2\/users\/1"}],"replies":[{"embeddable":true,"href":"http:\/\/imkerverein-etteln.de\/index.php?rest_route=%2Fwp%2Fv2%2Fcomments&post=205"}],"version-history":[{"count":3,"href":"http:\/\/imkerverein-etteln.de\/index.php?rest_route=\/wp\/v2\/pages\/205\/revisions"}],"predecessor-version":[{"id":601,"href":"http:\/\/imkerverein-etteln.de\/index.php?rest_route=\/wp\/v2\/pages\/205\/revisions\/601"}],"wp:attachment":[{"href":"http:\/\/imkerverein-etteln.de\/index.php?rest_route=%2Fwp%2Fv2%2Fmedia&parent=205"}],"curies":[{"name":"wp","href":"https:\/\/api.w.org\/{rel}","templated":true}]}}