{"id":680,"date":"2017-01-14T21:33:37","date_gmt":"2017-01-14T20:33:37","guid":{"rendered":"http:\/\/imkerverein-etteln.de\/?page_id=680"},"modified":"2017-01-15T14:56:32","modified_gmt":"2017-01-15T13:56:32","slug":"jahreshauptversammlung-2016","status":"publish","type":"page","link":"http:\/\/imkerverein-etteln.de\/?page_id=680","title":{"rendered":"Jahreshauptversammlung               2016"},"content":{"rendered":"<p>Am \u00a013.01. 2017 fand die ordentliche Mitgliederversammlung 2016 statt. Die\u00a0 21 anwesenden Mitglieder\u00a0 waren ein w\u00fcrdiger Rahmen f\u00fcr die anstehende Ehrung.<\/p>\n<h4>Wilhelm Zacharias wurde von der ersten Vorsitzenden Walburga Kammler f\u00fcr <span style=\"color: #0000ff;\"><strong>40 Jahre Mitgliedschaft<\/strong> <\/span>im Imkerverein Etteln geehrt.<\/h4>\n<p>Im Beisein seiner Ehefrau nahm er freudig die Urkunde des Verbandes und Nadel entgegen.<\/p>\n<p><a href=\"http:\/\/imkerverein-etteln.de\/wp-content\/uploads\/2017\/01\/017.jpg\"><img decoding=\"async\" loading=\"lazy\" class=\"aligncenter size-medium wp-image-668\" src=\"http:\/\/imkerverein-etteln.de\/wp-content\/uploads\/2017\/01\/017-300x225.jpg\" alt=\"017\" width=\"300\" height=\"225\" srcset=\"http:\/\/imkerverein-etteln.de\/wp-content\/uploads\/2017\/01\/017-300x225.jpg 300w, http:\/\/imkerverein-etteln.de\/wp-content\/uploads\/2017\/01\/017-768x576.jpg 768w, http:\/\/imkerverein-etteln.de\/wp-content\/uploads\/2017\/01\/017-1024x768.jpg 1024w\" sizes=\"(max-width: 300px) 100vw, 300px\" \/><\/a><a href=\"http:\/\/imkerverein-etteln.de\/wp-content\/uploads\/2017\/01\/018.jpg\"><img decoding=\"async\" loading=\"lazy\" class=\"aligncenter size-medium wp-image-669\" src=\"http:\/\/imkerverein-etteln.de\/wp-content\/uploads\/2017\/01\/018-300x225.jpg\" alt=\"018\" width=\"300\" height=\"225\" srcset=\"http:\/\/imkerverein-etteln.de\/wp-content\/uploads\/2017\/01\/018-300x225.jpg 300w, http:\/\/imkerverein-etteln.de\/wp-content\/uploads\/2017\/01\/018-768x576.jpg 768w, http:\/\/imkerverein-etteln.de\/wp-content\/uploads\/2017\/01\/018-1024x768.jpg 1024w\" sizes=\"(max-width: 300px) 100vw, 300px\" \/><\/a><img decoding=\"async\" loading=\"lazy\" class=\"aligncenter size-medium wp-image-670\" src=\"http:\/\/imkerverein-etteln.de\/wp-content\/uploads\/2017\/01\/019-225x300.jpg\" alt=\"019\" width=\"225\" height=\"300\" srcset=\"http:\/\/imkerverein-etteln.de\/wp-content\/uploads\/2017\/01\/019-225x300.jpg 225w, http:\/\/imkerverein-etteln.de\/wp-content\/uploads\/2017\/01\/019-768x1024.jpg 768w, http:\/\/imkerverein-etteln.de\/wp-content\/uploads\/2017\/01\/019.jpg 1944w\" sizes=\"(max-width: 225px) 100vw, 225px\" \/>**************************************************************************<\/p>\n<h3><strong>Fabian Gohlke<\/strong> schied aus eigenem Wunsch aus dem gesch\u00e4ftsf\u00fchrenden Vorstand aus.<\/h3>\n<p>Als kleiner Dank f\u00fcr seine jahrelange Arbeit \u00fcberreichte Werner Becker eine echte westf\u00e4lische Mettwurst f\u00fcr einen waschechten Westfalen.<\/p>\n<p><a href=\"http:\/\/imkerverein-etteln.de\/wp-content\/uploads\/2017\/01\/020.jpg\"><img decoding=\"async\" loading=\"lazy\" class=\"aligncenter size-medium wp-image-671\" src=\"http:\/\/imkerverein-etteln.de\/wp-content\/uploads\/2017\/01\/020-225x300.jpg\" alt=\"020\" width=\"225\" height=\"300\" srcset=\"http:\/\/imkerverein-etteln.de\/wp-content\/uploads\/2017\/01\/020-225x300.jpg 225w, http:\/\/imkerverein-etteln.de\/wp-content\/uploads\/2017\/01\/020-768x1024.jpg 768w, http:\/\/imkerverein-etteln.de\/wp-content\/uploads\/2017\/01\/020.jpg 1944w\" sizes=\"(max-width: 225px) 100vw, 225px\" \/><\/a><a href=\"http:\/\/imkerverein-etteln.de\/wp-content\/uploads\/2017\/01\/021.jpg\"><img decoding=\"async\" loading=\"lazy\" class=\"aligncenter size-medium wp-image-672\" src=\"http:\/\/imkerverein-etteln.de\/wp-content\/uploads\/2017\/01\/021-225x300.jpg\" alt=\"021\" width=\"225\" height=\"300\" srcset=\"http:\/\/imkerverein-etteln.de\/wp-content\/uploads\/2017\/01\/021-225x300.jpg 225w, http:\/\/imkerverein-etteln.de\/wp-content\/uploads\/2017\/01\/021-768x1024.jpg 768w, http:\/\/imkerverein-etteln.de\/wp-content\/uploads\/2017\/01\/021.jpg 1944w\" sizes=\"(max-width: 225px) 100vw, 225px\" \/><\/a>**************************************************************************<\/p>\n<p>Die Imkerkameraden freuten sich \u00fcber den Besuch des \u00e4ltesten Mitglied\u00a0unseres Vereins.<\/p>\n<p>Franz Kloppenburg\u00a0ist immer noch ein gern gesehenes Mitglied bei allen Veranstaltungen unseres Vereins.<\/p>\n<p><a href=\"http:\/\/imkerverein-etteln.de\/wp-content\/uploads\/2017\/01\/024.jpg\"><img decoding=\"async\" loading=\"lazy\" class=\"aligncenter size-medium wp-image-675\" src=\"http:\/\/imkerverein-etteln.de\/wp-content\/uploads\/2017\/01\/024-225x300.jpg\" alt=\"024\" width=\"225\" height=\"300\" srcset=\"http:\/\/imkerverein-etteln.de\/wp-content\/uploads\/2017\/01\/024-225x300.jpg 225w, http:\/\/imkerverein-etteln.de\/wp-content\/uploads\/2017\/01\/024-768x1024.jpg 768w, http:\/\/imkerverein-etteln.de\/wp-content\/uploads\/2017\/01\/024.jpg 1944w\" sizes=\"(max-width: 225px) 100vw, 225px\" \/><\/a><\/p>\n","protected":false},"excerpt":{"rendered":"<p>Am \u00a013.01. 2017 fand die ordentliche Mitgliederversammlung 2016 statt. Die\u00a0 21 anwesenden Mitglieder\u00a0 waren ein w\u00fcrdiger Rahmen f\u00fcr die anstehende Ehrung. Wilhelm Zacharias wurde von der ersten Vorsitzenden Walburga Kammler f\u00fcr 40 Jahre Mitgliedschaft im Imkerverein Etteln geehrt. Im Beisein seiner Ehefrau nahm er freudig die Urkunde des Verbandes und Nadel entgegen. ************************************************************************** Fabian Gohlke &hellip; <a href=\"http:\/\/imkerverein-etteln.de\/?page_id=680\" class=\"more-link\"><span class=\"screen-reader-text\">Jahreshauptversammlung               2016<\/span> weiterlesen <span class=\"meta-nav\">&rarr;<\/span><\/a><\/p>\n","protected":false},"author":1,"featured_media":0,"parent":0,"menu_order":0,"comment_status":"closed","ping_status":"closed","template":"","meta":[],"_links":{"self":[{"href":"http:\/\/imkerverein-etteln.de\/index.php?rest_route=\/wp\/v2\/pages\/680"}],"collection":[{"href":"http:\/\/imkerverein-etteln.de\/index.php?rest_route=\/wp\/v2\/pages"}],"about":[{"href":"http:\/\/imkerverein-etteln.de\/index.php?rest_route=\/wp\/v2\/types\/page"}],"author":[{"embeddable":true,"href":"http:\/\/imkerverein-etteln.de\/index.php?rest_route=\/wp\/v2\/users\/1"}],"replies":[{"embeddable":true,"href":"http:\/\/imkerverein-etteln.de\/index.php?rest_route=%2Fwp%2Fv2%2Fcomments&post=680"}],"version-history":[{"count":3,"href":"http:\/\/imkerverein-etteln.de\/index.php?rest_route=\/wp\/v2\/pages\/680\/revisions"}],"predecessor-version":[{"id":686,"href":"http:\/\/imkerverein-etteln.de\/index.php?rest_route=\/wp\/v2\/pages\/680\/revisions\/686"}],"wp:attachment":[{"href":"http:\/\/imkerverein-etteln.de\/index.php?rest_route=%2Fwp%2Fv2%2Fmedia&parent=680"}],"curies":[{"name":"wp","href":"https:\/\/api.w.org\/{rel}","templated":true}]}}